{"id":2,"date":"2020-03-16T02:48:15","date_gmt":"2020-03-16T02:48:15","guid":{"rendered":"http:\/\/naturalcbd.cl\/?page_id=2"},"modified":"2020-03-30T19:47:11","modified_gmt":"2020-03-30T19:47:11","slug":"sample-page","status":"publish","type":"page","link":"https:\/\/naturalcbd.cl\/index.php\/sample-page\/","title":{"rendered":"Todo sobre el CBD"},"content":{"rendered":"\n<p>\u00bfQu\u00e9 es el cannabidiol?<\/p>\n\n\n\n<p>El cannabidiol o CBD es un compuesto qu\u00edmico que se extrae de especies de plantas de cannabis sativa o c\u00e1\u00f1amo. Es el segundo cannabinoide m\u00e1s vital despu\u00e9s del tetrahidrocannabinol o THC. Si bien el THC es el agente psicoactivo que est\u00e1 presente en una planta de cannabis, el CBD tiene muchas propiedades medicinales. Los investigadores creen que el CBD es el cannabinoide m\u00e1s significativo descubierto hasta ahora debido a la ausencia de agentes psicoactivos y efectos positivos en nuestra salud f\u00edsica y mental.<\/p>\n\n\n\n<figure class=\"wp-block-image size-large is-style-default\"><img fetchpriority=\"high\" decoding=\"async\" width=\"750\" height=\"932\" src=\"https:\/\/naturalcbd.cl\/wp-content\/uploads\/2020\/03\/43443939_1602241159922579_6401654076152479744_n.jpg\" alt=\"\" class=\"wp-image-124\" srcset=\"https:\/\/naturalcbd.cl\/wp-content\/uploads\/2020\/03\/43443939_1602241159922579_6401654076152479744_n.jpg 750w, https:\/\/naturalcbd.cl\/wp-content\/uploads\/2020\/03\/43443939_1602241159922579_6401654076152479744_n-350x435.jpg 350w, https:\/\/naturalcbd.cl\/wp-content\/uploads\/2020\/03\/43443939_1602241159922579_6401654076152479744_n-241x300.jpg 241w\" sizes=\"(max-width: 750px) 100vw, 750px\" \/><\/figure>\n\n\n\n<p>CBD vs THC<\/p>\n\n\n\n<p>El\ncannabidiol, o CBD, y el delta-9-tetrahidrocannabinol, o THC, son dos de los\nmuchos cannabinoides diferentes presentes en la planta de cannabis sativa.\nCuando est\u00e1n en el cuerpo, el CBD y el THC interact\u00faan con los receptores de\ncannabinoides para ayudar a tratar o limitar los efectos de varias afecciones.<\/p>\n\n\n\n<p>Hay cientos\nde receptores de cannabinoides en todo el cuerpo humano que causan efectos\nfisiol\u00f3gicos espec\u00edficos. Los usos potenciales de estos cannabinoides incluyen\nel tratamiento de:<\/p>\n\n\n\n<ul class=\"wp-block-list\"><li>Dolor<\/li><li>N\u00e1usea<\/li><li>C\u00e1ncer<\/li><li>P\u00e9rdida de apetito y trastornos\n     alimenticios<\/li><li>Enfermedad de Alzheimer<\/li><li>Glaucoma<\/li><li>Esclerosis m\u00faltiple<\/li><li>Espasmos musculares<\/li><\/ul>\n\n\n\n<p>La\ndiferencia m\u00e1s notable entre el CBD y el THC es la falta de efectos\npsicoactivos para el CBD, que generalmente no causa el efecto caracter\u00edstico\ndel THC.<\/p>\n\n\n\n<p>Diferencias entre CBD y THC<\/p>\n\n\n\n<p>Aunque el\nCBD y el THC interact\u00faan con el sistema endocannabinoide , hay algunas\ndiferencias importantes que debes tener en cuenta:<\/p>\n\n\n\n<p>El THC puede\ncausar que una persona experimente un estado de excitaci\u00f3n nerviosa.<\/p>\n\n\n\n<p>A pesar de\nque ambos son cannabinoides, el CBD y el THC interact\u00faan con receptores\nligeramente diferentes en el cerebro de una persona.<\/p>\n\n\n\n<p>Como\nresultado, es poco probable que el CBD cause este estado de excitaci\u00f3n. Por\notro lado, el THC induce alteraciones en el sistema nervioso asociadas con el\nuso recreativo de la marihuana.<\/p>\n\n\n\n<p>Beneficios del CBD<\/p>\n\n\n\n<p>Quienes\nhacen uso de este compuesto, ya sea en forma de aceite u otro subproducto, adhieren\npor varias razones:<\/p>\n\n\n\n<p><strong>Manejo del\ndolor<\/strong><\/p>\n\n\n\n<p>Los estudios\nhan demostrado la efectividad del CBD en el manejo del dolor cr\u00f3nico, incluso\ncon personas que sufren de esclerosis m\u00faltiple y artritis.<\/p>\n\n\n\n<p>El\ncannabidiol (CBD) interact\u00faa con los receptores CB1 y CB2, lo que crea efectos\nanalg\u00e9sicos para ayudar a disminuir el dolor que se siente.<\/p>\n\n\n\n<p><strong>Disminuye el\nriesgo de diabetes<\/strong><\/p>\n\n\n\n<p>Adem\u00e1s de\nayudar a reducir los s\u00edntomas de neuropat\u00eda o da\u00f1o nervioso, algunas\ninvestigaciones muestran que el aceite de CBD puede ayudar a estabilizar el\naz\u00facar en la sangre, lo cual es importante para controlar la diabetes.<\/p>\n\n\n\n<p><strong>Ayuda con la\napnea del sue\u00f1o y el insomnio<\/strong><\/p>\n\n\n\n<p>La\ninvestigaci\u00f3n realizada sugiere que el aceite de CBD puede ayudar a mejorar el\nsue\u00f1o debido al efecto calmante que tiene sobre el sistema endocannabinoide.\nEste sistema est\u00e1 formado por receptores celulares y es responsable de muchas\nfunciones corporales, incluido el sue\u00f1o.<\/p>\n\n\n\n<p><strong>Reduce el\nriesgo de obesidad<\/strong>.<\/p>\n\n\n\n<p>El aceite de\nCBD puede ayudar a regular el nivel de az\u00facar en la sangre de una persona y\nreducir el hambre.&nbsp;<\/p>\n\n\n\n<p><strong>Ansiedad y\nestr\u00e9s<\/strong><\/p>\n\n\n\n<p>Si bien\ntodav\u00eda no hay evidencia definitiva sobre el efecto del aceite de CBD en la\nansiedad, los estudios sugieren que el cannabidiol puede influir en los\nreceptores que tienen algo que ver con la serotonina.<\/p>\n\n\n\n<p>Adem\u00e1s, el\nCBD ayuda a restablecer el sistema endocannabinoide desequilibrado que es\nresultado del estr\u00e9s.&nbsp;<\/p>\n\n\n\n<p><strong>Alivio de la\nartritis<\/strong><\/p>\n\n\n\n<p>El aceite de\nCBD tiene propiedades antiinflamatorias, y puede usarse como una forma natural\npara aliviar el dolor.<\/p>\n\n\n\n<p>La forma en\nque esto funciona es que el aceite de CBD interact\u00faa con los receptores CB1 y\nCB2, lo que no solo ayuda a reducir el dolor, sino que incluso puede ayudar al\nsistema inmunol\u00f3gico. Adem\u00e1s, el aceite de CBD puede incluso retrasar el\nprogreso o la artritis.<\/p>\n\n\n\n<p><strong>Mantiene la\nsalud del cerebro<\/strong><\/p>\n\n\n\n<p>El aceite de\nCBD puede tener un impacto sorprendente en el cerebro. Puede estimular la\ncreaci\u00f3n de nuevas c\u00e9lulas nerviosas en el cerebro y ayuda a proteger las\nc\u00e9lulas cerebrales de los da\u00f1os.<\/p>\n\n\n\n<p>En el\nInstituto Salk, realizaron un estudio y descubrieron que el aceite de CBD puede\nayudar a los pacientes con demencia y enfermedad de Alzheimer.<\/p>\n\n\n\n<p>Para este\n\u00faltimo, el hecho de que el aceite de CBD tenga propiedades antiinflamatorias es\nde gran ayuda, ya que la inflamaci\u00f3n es uno de los s\u00edntomas de la enfermedad de\nAlzheimer.<\/p>\n\n\n\n<p><strong>Reduce el\nriesgo de enfermedad cardiovascular<\/strong><\/p>\n\n\n\n<p>El aceite de\nCBD puede reducir la presi\u00f3n arterial sist\u00f3lica y tambi\u00e9n puede disminuir la\npresi\u00f3n arterial inducida por el estr\u00e9s.<\/p>\n\n\n\n<p><strong>Ayuda a\nalcanzar mejores niveles de colesterol<\/strong><\/p>\n\n\n\n<p>En 2013, un\nestudio demostr\u00f3 que los usuarios de aceite de CBD ten\u00edan el colesterol bueno\nm\u00e1s alto en sus cuerpos en comparaci\u00f3n con aquellos que no tomaban aceite de\nCBD.&nbsp;<\/p>\n\n\n\n<figure class=\"wp-block-image size-large\"><img decoding=\"async\" width=\"1024\" height=\"576\" src=\"https:\/\/naturalcbd.cl\/wp-content\/uploads\/2020\/03\/beneficios-del-cbd-1024x576.png\" alt=\"beneficios del cbd\" class=\"wp-image-123\" srcset=\"https:\/\/naturalcbd.cl\/wp-content\/uploads\/2020\/03\/beneficios-del-cbd-1024x576.png 1024w, https:\/\/naturalcbd.cl\/wp-content\/uploads\/2020\/03\/beneficios-del-cbd-350x197.png 350w, https:\/\/naturalcbd.cl\/wp-content\/uploads\/2020\/03\/beneficios-del-cbd-300x169.png 300w, https:\/\/naturalcbd.cl\/wp-content\/uploads\/2020\/03\/beneficios-del-cbd-768x432.png 768w, https:\/\/naturalcbd.cl\/wp-content\/uploads\/2020\/03\/beneficios-del-cbd-1536x864.png 1536w, https:\/\/naturalcbd.cl\/wp-content\/uploads\/2020\/03\/beneficios-del-cbd.png 1920w\" sizes=\"(max-width: 1024px) 100vw, 1024px\" \/><\/figure>\n\n\n\n<p><a href=\"https:\/\/plantsnotpills.es\/wp-content\/uploads\/2019\/10\/beneficios-del-cbd.png\"><\/a><strong><\/strong><\/p>\n\n\n\n<p>Efectos secundarios<\/p>\n\n\n\n<p>Hay muy\npocos efectos secundarios del CBD o THC. De hecho, el CBD no tiene efectos\nsecundarios conocidos. Seg\u00fan la Organizaci\u00f3n Mundial de la Salud (OMS) , el CBD\nes seguro en grandes cantidades, y los \u00fanicos efectos secundarios potenciales\nson probablemente el resultado de interacciones con otros medicamentos que una\npersona puede estar tomando.<\/p>\n\n\n\n<p>Una persona\nque consume THC puede experimentar algunos efectos secundarios temporales.\nEstos pueden incluir:&nbsp;<\/p>\n\n\n\n<ul class=\"wp-block-list\"><li>Boca seca<\/li><li>Ojos rojos<\/li><li>Tiempos de respuesta m\u00e1s lentos\n     que el promedio<\/li><li>Sensaci\u00f3n general de estar\n     drogado<\/li><li>P\u00e9rdida de memoria<\/li><li>Problemas de coordinaci\u00f3n<\/li><li>Aumento de la frecuencia\n     card\u00edaca<\/li><\/ul>\n\n\n\n<p>Los\nadolescentes, en particular, pueden experimentar efectos psiqui\u00e1tricos\nadversos. Esto puede deberse a que el cerebro de un adolescente a\u00fan se est\u00e1\ndesarrollando.<\/p>\n\n\n\n<p>Productos y&nbsp; subproductos del CBD<\/p>\n\n\n\n<p>El cannabidiol puede convertirse en comestibles y aceites. Estos se producen utilizando aceite de CBD que se extrae de tipos seleccionados de plantas de cannabis que tienen un bajo nivel de THC. El aceite derivado de CBD se usa comercialmente para hacer aceites corporales, tinturas, b\u00e1lsamos, elixires y otros productos y en medicamentos. Hoy en d\u00eda, el aceite de CBD se usa en casi todos los consumibles. La venta de productos a base de aceite de CBD es ilegal en algunos pa\u00edses.<\/p>\n\n\n\n<p>Cualquier producto que tenga aceite de CBD como uno de sus componentes no puede venderse si el nivel de THC es superior al 0.2%. La prohibici\u00f3n es seg\u00fan las leyes internacionales. Adem\u00e1s, todas las semillas para el cultivo de c\u00e1\u00f1amo deben proceder del Cat\u00e1logo de semillas de c\u00e1\u00f1amo aprobado.<\/p>\n\n\n\n<p>Aceite de CBD en alimentos y suplementos<\/p>\n\n\n\n<p>&nbsp;El uso de estupefacientes en complementos alimenticios est\u00e1 prohibido en Espa\u00f1a, por lo que est\u00e1 prohibido el uso de CBD, aunque no tenga agentes psicoactivos. <a href=\"http:\/\/www.aecosan.msssi.gob.es\/AECOSAN\/web\/home\/index.htm\">AECOSAN,<\/a> la entidad que regula cuestiones alimentarias y concernientes a la seguridad, actualiz\u00f3 sus pautas legislativas y prohibi\u00f3 la comercializaci\u00f3n y distribuci\u00f3n de suplementos alimenticios que contengan CBD como ingrediente. Seg\u00fan la legislaci\u00f3n, los&nbsp; suplementos nutricionales s\u00f3lo pueden incluir micro y macro nutrientes procedentes de alimentos. Espa\u00f1a ha promulgado una ley que establece que el aceite de CBD no puede usarse en la producci\u00f3n de consumibles.<\/p>\n\n\n\n<p>Aceite de CBD en cosm\u00e9tica<\/p>\n\n\n\n<p>El aceite de CBD se puede vender bajo el lema \u201csolo para uso externo\u201d, lo que significa que se puede usar como ingrediente en la producci\u00f3n de cremas y b\u00e1lsamos cosm\u00e9ticos. Algunas empresas han comenzado a comercializar productos que contienen aceite de CBD.<\/p>\n\n\n\n<p>Aceite de CBD para uso m\u00e9dico<\/p>\n\n\n\n<p>El cannabis con fines medicinales no tiene una regulaci\u00f3n establecida en Espa\u00f1a y su cultivo con fines de extracci\u00f3n de CBD est\u00e1 sujeto a la autorizaci\u00f3n previa de la Agencia Espa\u00f1ola de Medicamentos y Productos M\u00e9dicos o AEMPS. Cinco empresas en Espa\u00f1a han recibido autorizaci\u00f3n para el cultivo de cannabis con fines de investigaci\u00f3n. En este caso, es necesario distinguir entre productos&nbsp; ricos en CBD y productos enriquecidos con CBD. Espa\u00f1a no autoriza el uso de estupefacientes como ingredientes con fines medicinales. Pero el CBD est\u00e1 libre de agentes psicoactivos y, por lo tanto, su uso medicinal se ha legalizado recientemente en el pa\u00eds.<\/p>\n\n\n\n<p>Spannabis&nbsp;<\/p>\n\n\n\n<p>Con una red\nde tiendas de cultivo, granjas de c\u00e1\u00f1amo y clubes sociales de cannabis en todo\nel pa\u00eds, Espa\u00f1a es uno de los centros de cannabis m\u00e1s progresistas de Europa.\nSpannabis es la feria comercial de cultivadores m\u00e1s grande del pa\u00eds que se\ncelebr\u00f3 en marzo de 2019. Aunque el CBD estuvo ausente en la feria comercial,\nel c\u00e1\u00f1amo estaba mostrando su presencia. Era una situaci\u00f3n sorprendente que el\nconcepto de usar CBD como asistencia sanitaria preventiva todav\u00eda sea relativamente\nnuevo en Espa\u00f1a.<\/p>\n\n\n\n<p>Se cree que\nlas marcas socialmente responsables liderar\u00e1n el mercado de aceite de CBD de\nEspa\u00f1a, y el mercado actual es solo una fase que mejorar\u00e1 con el tiempo. Se\ncree que el CBD ha abierto el mercado a las oportunidades que se aprovechar\u00e1n\ncon el uso medicinal del aceite de CBD. Aunque hay mucha incertidumbre en el\nmercado del aceite de CBD en Espa\u00f1a a partir de ahora, esta fase ciertamente\nmejorar\u00e1.<\/p>\n\n\n\n<p>Conclusiones<\/p>\n\n\n\n<p>El aceite de CBD se extrae de una especie de la planta de cannabis que tiene un bajo nivel de THC. Se extrae de la planta de c\u00e1\u00f1amo que es alta en CBD y baja en THC. El CBD no se puede utilizar con fines comerciales en Espa\u00f1a. Se puede cultivar y utilizar para consumo personal, lo que ha dado lugar a la formaci\u00f3n de varios clubes y asociaciones de cannabis.<\/p>\n\n\n\n<p>El c\u00e1\u00f1amo\ndej\u00f3 su huella en el Spannabis 2019, una feria de cultivadores. Aunque el CBD\nestuvo ausente en la feria comercial, se supone que la presencia de c\u00e1\u00f1amo\nallanar\u00e1 el camino para el uso del aceite de CBD en Espa\u00f1a tambi\u00e9n para uso\ncomercial y medicinal.&nbsp;El aceite de CBD tiene muchos beneficios que la\nAgencia Espa\u00f1ola de Medicamentos y Productos M\u00e9dicos a\u00fan no ha comprobado.\nEst\u00e1n progresando lentamente con la investigaci\u00f3n del cannabis.<\/p>\n\n\n\n<p>Los beneficios para la salud podr\u00edan allanar el camino hacia el uso de aceite de CBD en productos consumibles, aprovechando los multiples beneficios que tiene este producto 100% natural.<\/p>\n\n\n\n<p><\/p>\n","protected":false},"excerpt":{"rendered":"<p>\u00bfQu\u00e9 es el cannabidiol? El cannabidiol o CBD es un compuesto qu\u00edmico que se extrae de especies de plantas de cannabis sativa<\/p>\n<p class=\"link-more\"><a class=\"myButt \" href=\"https:\/\/naturalcbd.cl\/index.php\/sample-page\/\">Read More<\/a><\/p>\n","protected":false},"author":1,"featured_media":0,"parent":0,"menu_order":0,"comment_status":"closed","ping_status":"open","template":"","meta":{"footnotes":""},"class_list":["post-2","page","type-page","status-publish","hentry"],"yoast_head":"<!-- This site is optimized with the Yoast SEO plugin v26.6 - https:\/\/yoast.com\/wordpress\/plugins\/seo\/ -->\n<title>Todo sobre el CBD - NATURAL HEMP | CBD Chile<\/title>\n<meta name=\"robots\" content=\"index, follow, max-snippet:-1, max-image-preview:large, max-video-preview:-1\" \/>\n<link rel=\"canonical\" href=\"https:\/\/naturalcbd.cl\/index.php\/sample-page\/\" \/>\n<meta property=\"og:locale\" content=\"es_ES\" \/>\n<meta property=\"og:type\" content=\"article\" \/>\n<meta property=\"og:title\" content=\"Todo sobre el CBD - NATURAL HEMP | CBD Chile\" \/>\n<meta property=\"og:description\" content=\"\u00bfQu\u00e9 es el cannabidiol? El cannabidiol o CBD es un compuesto qu\u00edmico que se extrae de especies de plantas de cannabis sativaRead More\" \/>\n<meta property=\"og:url\" content=\"https:\/\/naturalcbd.cl\/index.php\/sample-page\/\" \/>\n<meta property=\"og:site_name\" content=\"NATURAL HEMP | CBD Chile\" \/>\n<meta property=\"article:modified_time\" content=\"2020-03-30T19:47:11+00:00\" \/>\n<meta property=\"og:image\" content=\"https:\/\/naturalcbd.cl\/wp-content\/uploads\/2020\/03\/43443939_1602241159922579_6401654076152479744_n.jpg\" \/>\n\t<meta property=\"og:image:width\" content=\"750\" \/>\n\t<meta property=\"og:image:height\" content=\"932\" \/>\n\t<meta property=\"og:image:type\" content=\"image\/jpeg\" \/>\n<meta name=\"twitter:card\" content=\"summary_large_image\" \/>\n<meta name=\"twitter:label1\" content=\"Tiempo estimado de lectura\" \/>\n\t<meta name=\"twitter:data1\" content=\"9 minutos\" \/>\n<script type=\"application\/ld+json\" class=\"yoast-schema-graph\">{\"@context\":\"https:\/\/schema.org\",\"@graph\":[{\"@type\":\"WebPage\",\"@id\":\"https:\/\/naturalcbd.cl\/index.php\/sample-page\/\",\"url\":\"https:\/\/naturalcbd.cl\/index.php\/sample-page\/\",\"name\":\"Todo sobre el CBD - NATURAL HEMP | CBD Chile\",\"isPartOf\":{\"@id\":\"https:\/\/naturalcbd.cl\/#website\"},\"primaryImageOfPage\":{\"@id\":\"https:\/\/naturalcbd.cl\/index.php\/sample-page\/#primaryimage\"},\"image\":{\"@id\":\"https:\/\/naturalcbd.cl\/index.php\/sample-page\/#primaryimage\"},\"thumbnailUrl\":\"https:\/\/naturalcbd.cl\/wp-content\/uploads\/2020\/03\/43443939_1602241159922579_6401654076152479744_n.jpg\",\"datePublished\":\"2020-03-16T02:48:15+00:00\",\"dateModified\":\"2020-03-30T19:47:11+00:00\",\"breadcrumb\":{\"@id\":\"https:\/\/naturalcbd.cl\/index.php\/sample-page\/#breadcrumb\"},\"inLanguage\":\"es-CL\",\"potentialAction\":[{\"@type\":\"ReadAction\",\"target\":[\"https:\/\/naturalcbd.cl\/index.php\/sample-page\/\"]}]},{\"@type\":\"ImageObject\",\"inLanguage\":\"es-CL\",\"@id\":\"https:\/\/naturalcbd.cl\/index.php\/sample-page\/#primaryimage\",\"url\":\"https:\/\/naturalcbd.cl\/wp-content\/uploads\/2020\/03\/43443939_1602241159922579_6401654076152479744_n.jpg\",\"contentUrl\":\"https:\/\/naturalcbd.cl\/wp-content\/uploads\/2020\/03\/43443939_1602241159922579_6401654076152479744_n.jpg\",\"width\":750,\"height\":932},{\"@type\":\"BreadcrumbList\",\"@id\":\"https:\/\/naturalcbd.cl\/index.php\/sample-page\/#breadcrumb\",\"itemListElement\":[{\"@type\":\"ListItem\",\"position\":1,\"name\":\"Portada\",\"item\":\"https:\/\/naturalcbd.cl\/\"},{\"@type\":\"ListItem\",\"position\":2,\"name\":\"Todo sobre el CBD\"}]},{\"@type\":\"WebSite\",\"@id\":\"https:\/\/naturalcbd.cl\/#website\",\"url\":\"https:\/\/naturalcbd.cl\/\",\"name\":\"CBD Chile Online | NATURAL HEMP\",\"description\":\"Lo mejor de la naturaleza\",\"publisher\":{\"@id\":\"https:\/\/naturalcbd.cl\/#organization\"},\"potentialAction\":[{\"@type\":\"SearchAction\",\"target\":{\"@type\":\"EntryPoint\",\"urlTemplate\":\"https:\/\/naturalcbd.cl\/?s={search_term_string}\"},\"query-input\":{\"@type\":\"PropertyValueSpecification\",\"valueRequired\":true,\"valueName\":\"search_term_string\"}}],\"inLanguage\":\"es-CL\"},{\"@type\":\"Organization\",\"@id\":\"https:\/\/naturalcbd.cl\/#organization\",\"name\":\"CBD Chile Online | NATURAL HEMP\",\"url\":\"https:\/\/naturalcbd.cl\/\",\"logo\":{\"@type\":\"ImageObject\",\"inLanguage\":\"es-CL\",\"@id\":\"https:\/\/naturalcbd.cl\/#\/schema\/logo\/image\/\",\"url\":\"https:\/\/naturalcbd.cl\/wp-content\/uploads\/2022\/01\/cropped-horizontal-HEMP.png\",\"contentUrl\":\"https:\/\/naturalcbd.cl\/wp-content\/uploads\/2022\/01\/cropped-horizontal-HEMP.png\",\"width\":140,\"height\":50,\"caption\":\"CBD Chile Online | NATURAL HEMP\"},\"image\":{\"@id\":\"https:\/\/naturalcbd.cl\/#\/schema\/logo\/image\/\"}}]}<\/script>\n<!-- \/ Yoast SEO plugin. -->","yoast_head_json":{"title":"Todo sobre el CBD - NATURAL HEMP | CBD Chile","robots":{"index":"index","follow":"follow","max-snippet":"max-snippet:-1","max-image-preview":"max-image-preview:large","max-video-preview":"max-video-preview:-1"},"canonical":"https:\/\/naturalcbd.cl\/index.php\/sample-page\/","og_locale":"es_ES","og_type":"article","og_title":"Todo sobre el CBD - NATURAL HEMP | CBD Chile","og_description":"\u00bfQu\u00e9 es el cannabidiol? El cannabidiol o CBD es un compuesto qu\u00edmico que se extrae de especies de plantas de cannabis sativaRead More","og_url":"https:\/\/naturalcbd.cl\/index.php\/sample-page\/","og_site_name":"NATURAL HEMP | CBD Chile","article_modified_time":"2020-03-30T19:47:11+00:00","og_image":[{"width":750,"height":932,"url":"https:\/\/naturalcbd.cl\/wp-content\/uploads\/2020\/03\/43443939_1602241159922579_6401654076152479744_n.jpg","type":"image\/jpeg"}],"twitter_card":"summary_large_image","twitter_misc":{"Tiempo estimado de lectura":"9 minutos"},"schema":{"@context":"https:\/\/schema.org","@graph":[{"@type":"WebPage","@id":"https:\/\/naturalcbd.cl\/index.php\/sample-page\/","url":"https:\/\/naturalcbd.cl\/index.php\/sample-page\/","name":"Todo sobre el CBD - NATURAL HEMP | CBD Chile","isPartOf":{"@id":"https:\/\/naturalcbd.cl\/#website"},"primaryImageOfPage":{"@id":"https:\/\/naturalcbd.cl\/index.php\/sample-page\/#primaryimage"},"image":{"@id":"https:\/\/naturalcbd.cl\/index.php\/sample-page\/#primaryimage"},"thumbnailUrl":"https:\/\/naturalcbd.cl\/wp-content\/uploads\/2020\/03\/43443939_1602241159922579_6401654076152479744_n.jpg","datePublished":"2020-03-16T02:48:15+00:00","dateModified":"2020-03-30T19:47:11+00:00","breadcrumb":{"@id":"https:\/\/naturalcbd.cl\/index.php\/sample-page\/#breadcrumb"},"inLanguage":"es-CL","potentialAction":[{"@type":"ReadAction","target":["https:\/\/naturalcbd.cl\/index.php\/sample-page\/"]}]},{"@type":"ImageObject","inLanguage":"es-CL","@id":"https:\/\/naturalcbd.cl\/index.php\/sample-page\/#primaryimage","url":"https:\/\/naturalcbd.cl\/wp-content\/uploads\/2020\/03\/43443939_1602241159922579_6401654076152479744_n.jpg","contentUrl":"https:\/\/naturalcbd.cl\/wp-content\/uploads\/2020\/03\/43443939_1602241159922579_6401654076152479744_n.jpg","width":750,"height":932},{"@type":"BreadcrumbList","@id":"https:\/\/naturalcbd.cl\/index.php\/sample-page\/#breadcrumb","itemListElement":[{"@type":"ListItem","position":1,"name":"Portada","item":"https:\/\/naturalcbd.cl\/"},{"@type":"ListItem","position":2,"name":"Todo sobre el CBD"}]},{"@type":"WebSite","@id":"https:\/\/naturalcbd.cl\/#website","url":"https:\/\/naturalcbd.cl\/","name":"CBD Chile Online | NATURAL HEMP","description":"Lo mejor de la naturaleza","publisher":{"@id":"https:\/\/naturalcbd.cl\/#organization"},"potentialAction":[{"@type":"SearchAction","target":{"@type":"EntryPoint","urlTemplate":"https:\/\/naturalcbd.cl\/?s={search_term_string}"},"query-input":{"@type":"PropertyValueSpecification","valueRequired":true,"valueName":"search_term_string"}}],"inLanguage":"es-CL"},{"@type":"Organization","@id":"https:\/\/naturalcbd.cl\/#organization","name":"CBD Chile Online | NATURAL HEMP","url":"https:\/\/naturalcbd.cl\/","logo":{"@type":"ImageObject","inLanguage":"es-CL","@id":"https:\/\/naturalcbd.cl\/#\/schema\/logo\/image\/","url":"https:\/\/naturalcbd.cl\/wp-content\/uploads\/2022\/01\/cropped-horizontal-HEMP.png","contentUrl":"https:\/\/naturalcbd.cl\/wp-content\/uploads\/2022\/01\/cropped-horizontal-HEMP.png","width":140,"height":50,"caption":"CBD Chile Online | NATURAL HEMP"},"image":{"@id":"https:\/\/naturalcbd.cl\/#\/schema\/logo\/image\/"}}]}},"_links":{"self":[{"href":"https:\/\/naturalcbd.cl\/index.php\/wp-json\/wp\/v2\/pages\/2","targetHints":{"allow":["GET"]}}],"collection":[{"href":"https:\/\/naturalcbd.cl\/index.php\/wp-json\/wp\/v2\/pages"}],"about":[{"href":"https:\/\/naturalcbd.cl\/index.php\/wp-json\/wp\/v2\/types\/page"}],"author":[{"embeddable":true,"href":"https:\/\/naturalcbd.cl\/index.php\/wp-json\/wp\/v2\/users\/1"}],"replies":[{"embeddable":true,"href":"https:\/\/naturalcbd.cl\/index.php\/wp-json\/wp\/v2\/comments?post=2"}],"version-history":[{"count":0,"href":"https:\/\/naturalcbd.cl\/index.php\/wp-json\/wp\/v2\/pages\/2\/revisions"}],"wp:attachment":[{"href":"https:\/\/naturalcbd.cl\/index.php\/wp-json\/wp\/v2\/media?parent=2"}],"curies":[{"name":"wp","href":"https:\/\/api.w.org\/{rel}","templated":true}]}}