{"id":352,"date":"2021-03-25T00:28:41","date_gmt":"2021-03-25T00:28:41","guid":{"rendered":"https:\/\/naturalcbd.cl\/?post_type=product&#038;p=352"},"modified":"2025-07-10T21:42:11","modified_gmt":"2025-07-11T01:42:11","slug":"e-liquid-sabor-ultimate-oni-100mg-300mg-600mg","status":"publish","type":"product","link":"https:\/\/naturalcbd.cl\/index.php\/product\/e-liquid-sabor-ultimate-oni-100mg-300mg-600mg\/","title":{"rendered":"E-liquid Sabor ULTIMATE ONI (100MG-300MG-600MG)"},"content":{"rendered":"<p><img fetchpriority=\"high\" decoding=\"async\" class=\"aligncenter wp-image-1346 size-medium\" src=\"https:\/\/naturalcbd.cl\/wp-content\/uploads\/2021\/03\/eliquid-cbd-oni-citrico-300x300.webp\" alt=\"\" width=\"300\" height=\"300\" srcset=\"https:\/\/naturalcbd.cl\/wp-content\/uploads\/2021\/03\/eliquid-cbd-oni-citrico-300x300.webp 300w, https:\/\/naturalcbd.cl\/wp-content\/uploads\/2021\/03\/eliquid-cbd-oni-citrico-150x150.webp 150w, https:\/\/naturalcbd.cl\/wp-content\/uploads\/2021\/03\/eliquid-cbd-oni-citrico-768x768.webp 768w, https:\/\/naturalcbd.cl\/wp-content\/uploads\/2021\/03\/eliquid-cbd-oni-citrico-350x350.webp 350w, https:\/\/naturalcbd.cl\/wp-content\/uploads\/2021\/03\/eliquid-cbd-oni-citrico-100x100.webp 100w, https:\/\/naturalcbd.cl\/wp-content\/uploads\/2021\/03\/eliquid-cbd-oni-citrico.webp 1024w\" sizes=\"(max-width: 300px) 100vw, 300px\" \/><\/p>\n<p>Mezcla incre\u00edble de sabores c\u00edtricos destacando la lima y el lim\u00f3n con un \u00faltimo toque de frescor.<\/p>\n<p>Pioneros en la industria del CBD gracias a sus novedosos E-Liquids. Consiguen ofrecer un producto de calidad medicinal gracias a la base de extracto de CBD puro con la que trabajan, a lo que posteriormente a\u00f1aden diferentes tipos de sabores muy logrados y agradables aptos para todos los consumidores, ya que pueden seleccionar el sabor que m\u00e1s les guste entre un gran cat\u00e1logo de diferentes combinaciones.<\/p>\n<p>El extracto de CBD con el que trabajan procede de cultivos org\u00e1nicos de plantas de c\u00e1\u00f1amo con un control exhaustivo de los componentes con los que alimentan y tratan el cultivo. De esta forma consiguen un producto final de alta pureza y libre de contaminantes o componentes nocivos. Por otro lado la mezcla de 70% VG\/PG 30% de grado alimenticio es perfecta, consiguiendo un vapor con la textura y densidad en boca ideales para no empalagar y tampoco quedarse corto.<\/p>\n<p>Los beneficios de vaporizar CBD son m\u00faltiples, en primer lugar dejamos de intoxicarnos con nicotina, uno de los principales agentes cancer\u00edgenos para los consumidores de tabaco y por otro lado dejamos de provocar la combusti\u00f3n del material a fumar, que tambi\u00e9n es nocivo para nuestra salud. De esta forma ya estamos obtenemos grandes mejoras solo por el hecho de vaporizar, si a esto le a\u00f1adimos los beneficios del CBD todo son pros. Al consumir CBD activamos el sistema receptor de nuestro organismo, permitiendo que nos cause efecto y podamos beneficiarnos.<\/p>\n<p>Beneficios al consumir E-Liquid:<\/p>\n<p>Alivio de estr\u00e9s.<br \/>\nRelajaci\u00f3n muscular.<br \/>\nControl de la ansiedad.<br \/>\nRecuperaci\u00f3n de sue\u00f1o.<br \/>\nRecuperaci\u00f3n del apetito.<br \/>\nAlivio de s\u00edntomas postraum\u00e1ticos.<br \/>\nNeutraliza los efectos causados por una fuerte subida de THC.<\/p>\n<p>E innumerables beneficios m\u00e1s.<\/p>\n","protected":false},"excerpt":{"rendered":"<p><img fetchpriority=\"high\" decoding=\"async\" class=\"aligncenter wp-image-1346 size-medium\" src=\"https:\/\/naturalcbd.cl\/wp-content\/uploads\/2021\/03\/eliquid-cbd-oni-citrico-300x300.webp\" alt=\"\" width=\"300\" height=\"300\" srcset=\"https:\/\/naturalcbd.cl\/wp-content\/uploads\/2021\/03\/eliquid-cbd-oni-citrico-300x300.webp 300w, https:\/\/naturalcbd.cl\/wp-content\/uploads\/2021\/03\/eliquid-cbd-oni-citrico-150x150.webp 150w, https:\/\/naturalcbd.cl\/wp-content\/uploads\/2021\/03\/eliquid-cbd-oni-citrico-768x768.webp 768w, https:\/\/naturalcbd.cl\/wp-content\/uploads\/2021\/03\/eliquid-cbd-oni-citrico-350x350.webp 350w, https:\/\/naturalcbd.cl\/wp-content\/uploads\/2021\/03\/eliquid-cbd-oni-citrico-100x100.webp 100w, https:\/\/naturalcbd.cl\/wp-content\/uploads\/2021\/03\/eliquid-cbd-oni-citrico.webp 1024w\" sizes=\"(max-width: 300px) 100vw, 300px\" \/><\/p>\n<p>Mezcla incre\u00edble de sabores c\u00edtricos destacando la lima y el lim\u00f3n con un \u00faltimo toque de frescor.<\/p>\n","protected":false},"featured_media":1346,"template":"","meta":[],"product_brand":[],"product_cat":[15],"product_tag":[],"class_list":{"0":"post-352","1":"product","2":"type-product","3":"status-publish","4":"has-post-thumbnail","6":"product_cat-aceite-eliquid-cbd","8":"first","9":"instock","10":"shipping-taxable","11":"purchasable","12":"product-type-variable"},"yoast_head":"<!-- This site is optimized with the Yoast SEO plugin v26.6 - https:\/\/yoast.com\/wordpress\/plugins\/seo\/ -->\n<title>E-liquid Sabor ULTIMATE ONI (100MG-300MG-600MG) - NATURAL HEMP | CBD Chile<\/title>\n<meta name=\"robots\" content=\"index, follow, max-snippet:-1, max-image-preview:large, max-video-preview:-1\" \/>\n<link rel=\"canonical\" href=\"https:\/\/naturalcbd.cl\/index.php\/product\/e-liquid-sabor-ultimate-oni-100mg-300mg-600mg\/\" \/>\n<meta property=\"og:locale\" content=\"es_ES\" \/>\n<meta property=\"og:type\" content=\"article\" \/>\n<meta property=\"og:title\" content=\"E-liquid Sabor ULTIMATE ONI (100MG-300MG-600MG) - NATURAL HEMP | CBD Chile\" \/>\n<meta property=\"og:description\" content=\"Mezcla incre\u00edble de sabores c\u00edtricos destacando la lima y el lim\u00f3n con un \u00faltimo toque de frescor.\" \/>\n<meta property=\"og:url\" content=\"https:\/\/naturalcbd.cl\/index.php\/product\/e-liquid-sabor-ultimate-oni-100mg-300mg-600mg\/\" \/>\n<meta property=\"og:site_name\" content=\"NATURAL HEMP | CBD Chile\" \/>\n<meta property=\"article:modified_time\" content=\"2025-07-11T01:42:11+00:00\" \/>\n<meta property=\"og:image\" content=\"https:\/\/naturalcbd.cl\/wp-content\/uploads\/2021\/03\/eliquid-cbd-oni-citrico.webp\" \/>\n\t<meta property=\"og:image:width\" content=\"1024\" \/>\n\t<meta property=\"og:image:height\" content=\"1024\" \/>\n\t<meta property=\"og:image:type\" content=\"image\/webp\" \/>\n<meta name=\"twitter:card\" content=\"summary_large_image\" \/>\n<meta name=\"twitter:label1\" content=\"Tiempo estimado de lectura\" \/>\n\t<meta name=\"twitter:data1\" content=\"2 minutos\" \/>\n<script type=\"application\/ld+json\" class=\"yoast-schema-graph\">{\"@context\":\"https:\/\/schema.org\",\"@graph\":[{\"@type\":\"WebPage\",\"@id\":\"https:\/\/naturalcbd.cl\/index.php\/product\/e-liquid-sabor-ultimate-oni-100mg-300mg-600mg\/\",\"url\":\"https:\/\/naturalcbd.cl\/index.php\/product\/e-liquid-sabor-ultimate-oni-100mg-300mg-600mg\/\",\"name\":\"E-liquid Sabor ULTIMATE ONI (100MG-300MG-600MG) - NATURAL HEMP | CBD Chile\",\"isPartOf\":{\"@id\":\"https:\/\/naturalcbd.cl\/#website\"},\"primaryImageOfPage\":{\"@id\":\"https:\/\/naturalcbd.cl\/index.php\/product\/e-liquid-sabor-ultimate-oni-100mg-300mg-600mg\/#primaryimage\"},\"image\":{\"@id\":\"https:\/\/naturalcbd.cl\/index.php\/product\/e-liquid-sabor-ultimate-oni-100mg-300mg-600mg\/#primaryimage\"},\"thumbnailUrl\":\"https:\/\/naturalcbd.cl\/wp-content\/uploads\/2021\/03\/eliquid-cbd-oni-citrico.webp\",\"datePublished\":\"2021-03-25T00:28:41+00:00\",\"dateModified\":\"2025-07-11T01:42:11+00:00\",\"breadcrumb\":{\"@id\":\"https:\/\/naturalcbd.cl\/index.php\/product\/e-liquid-sabor-ultimate-oni-100mg-300mg-600mg\/#breadcrumb\"},\"inLanguage\":\"es-CL\",\"potentialAction\":[{\"@type\":\"ReadAction\",\"target\":[\"https:\/\/naturalcbd.cl\/index.php\/product\/e-liquid-sabor-ultimate-oni-100mg-300mg-600mg\/\"]}]},{\"@type\":\"ImageObject\",\"inLanguage\":\"es-CL\",\"@id\":\"https:\/\/naturalcbd.cl\/index.php\/product\/e-liquid-sabor-ultimate-oni-100mg-300mg-600mg\/#primaryimage\",\"url\":\"https:\/\/naturalcbd.cl\/wp-content\/uploads\/2021\/03\/eliquid-cbd-oni-citrico.webp\",\"contentUrl\":\"https:\/\/naturalcbd.cl\/wp-content\/uploads\/2021\/03\/eliquid-cbd-oni-citrico.webp\",\"width\":1024,\"height\":1024,\"caption\":\"E-liquid CBD Natural Hemp para vapear, sabor citrico\"},{\"@type\":\"BreadcrumbList\",\"@id\":\"https:\/\/naturalcbd.cl\/index.php\/product\/e-liquid-sabor-ultimate-oni-100mg-300mg-600mg\/#breadcrumb\",\"itemListElement\":[{\"@type\":\"ListItem\",\"position\":1,\"name\":\"Portada\",\"item\":\"https:\/\/naturalcbd.cl\/\"},{\"@type\":\"ListItem\",\"position\":2,\"name\":\"E-liquid Sabor ULTIMATE ONI (100MG-300MG-600MG)\"}]},{\"@type\":\"WebSite\",\"@id\":\"https:\/\/naturalcbd.cl\/#website\",\"url\":\"https:\/\/naturalcbd.cl\/\",\"name\":\"CBD Chile Online | NATURAL HEMP\",\"description\":\"Lo mejor de la naturaleza\",\"publisher\":{\"@id\":\"https:\/\/naturalcbd.cl\/#organization\"},\"potentialAction\":[{\"@type\":\"SearchAction\",\"target\":{\"@type\":\"EntryPoint\",\"urlTemplate\":\"https:\/\/naturalcbd.cl\/?s={search_term_string}\"},\"query-input\":{\"@type\":\"PropertyValueSpecification\",\"valueRequired\":true,\"valueName\":\"search_term_string\"}}],\"inLanguage\":\"es-CL\"},{\"@type\":\"Organization\",\"@id\":\"https:\/\/naturalcbd.cl\/#organization\",\"name\":\"CBD Chile Online | NATURAL HEMP\",\"url\":\"https:\/\/naturalcbd.cl\/\",\"logo\":{\"@type\":\"ImageObject\",\"inLanguage\":\"es-CL\",\"@id\":\"https:\/\/naturalcbd.cl\/#\/schema\/logo\/image\/\",\"url\":\"https:\/\/naturalcbd.cl\/wp-content\/uploads\/2022\/01\/cropped-horizontal-HEMP.png\",\"contentUrl\":\"https:\/\/naturalcbd.cl\/wp-content\/uploads\/2022\/01\/cropped-horizontal-HEMP.png\",\"width\":140,\"height\":50,\"caption\":\"CBD Chile Online | NATURAL HEMP\"},\"image\":{\"@id\":\"https:\/\/naturalcbd.cl\/#\/schema\/logo\/image\/\"}}]}<\/script>\n<!-- \/ Yoast SEO plugin. -->","yoast_head_json":{"title":"E-liquid Sabor ULTIMATE ONI (100MG-300MG-600MG) - NATURAL HEMP | CBD Chile","robots":{"index":"index","follow":"follow","max-snippet":"max-snippet:-1","max-image-preview":"max-image-preview:large","max-video-preview":"max-video-preview:-1"},"canonical":"https:\/\/naturalcbd.cl\/index.php\/product\/e-liquid-sabor-ultimate-oni-100mg-300mg-600mg\/","og_locale":"es_ES","og_type":"article","og_title":"E-liquid Sabor ULTIMATE ONI (100MG-300MG-600MG) - NATURAL HEMP | CBD Chile","og_description":"Mezcla incre\u00edble de sabores c\u00edtricos destacando la lima y el lim\u00f3n con un \u00faltimo toque de frescor.","og_url":"https:\/\/naturalcbd.cl\/index.php\/product\/e-liquid-sabor-ultimate-oni-100mg-300mg-600mg\/","og_site_name":"NATURAL HEMP | CBD Chile","article_modified_time":"2025-07-11T01:42:11+00:00","og_image":[{"width":1024,"height":1024,"url":"https:\/\/naturalcbd.cl\/wp-content\/uploads\/2021\/03\/eliquid-cbd-oni-citrico.webp","type":"image\/webp"}],"twitter_card":"summary_large_image","twitter_misc":{"Tiempo estimado de lectura":"2 minutos"},"schema":{"@context":"https:\/\/schema.org","@graph":[{"@type":"WebPage","@id":"https:\/\/naturalcbd.cl\/index.php\/product\/e-liquid-sabor-ultimate-oni-100mg-300mg-600mg\/","url":"https:\/\/naturalcbd.cl\/index.php\/product\/e-liquid-sabor-ultimate-oni-100mg-300mg-600mg\/","name":"E-liquid Sabor ULTIMATE ONI (100MG-300MG-600MG) - NATURAL HEMP | CBD Chile","isPartOf":{"@id":"https:\/\/naturalcbd.cl\/#website"},"primaryImageOfPage":{"@id":"https:\/\/naturalcbd.cl\/index.php\/product\/e-liquid-sabor-ultimate-oni-100mg-300mg-600mg\/#primaryimage"},"image":{"@id":"https:\/\/naturalcbd.cl\/index.php\/product\/e-liquid-sabor-ultimate-oni-100mg-300mg-600mg\/#primaryimage"},"thumbnailUrl":"https:\/\/naturalcbd.cl\/wp-content\/uploads\/2021\/03\/eliquid-cbd-oni-citrico.webp","datePublished":"2021-03-25T00:28:41+00:00","dateModified":"2025-07-11T01:42:11+00:00","breadcrumb":{"@id":"https:\/\/naturalcbd.cl\/index.php\/product\/e-liquid-sabor-ultimate-oni-100mg-300mg-600mg\/#breadcrumb"},"inLanguage":"es-CL","potentialAction":[{"@type":"ReadAction","target":["https:\/\/naturalcbd.cl\/index.php\/product\/e-liquid-sabor-ultimate-oni-100mg-300mg-600mg\/"]}]},{"@type":"ImageObject","inLanguage":"es-CL","@id":"https:\/\/naturalcbd.cl\/index.php\/product\/e-liquid-sabor-ultimate-oni-100mg-300mg-600mg\/#primaryimage","url":"https:\/\/naturalcbd.cl\/wp-content\/uploads\/2021\/03\/eliquid-cbd-oni-citrico.webp","contentUrl":"https:\/\/naturalcbd.cl\/wp-content\/uploads\/2021\/03\/eliquid-cbd-oni-citrico.webp","width":1024,"height":1024,"caption":"E-liquid CBD Natural Hemp para vapear, sabor citrico"},{"@type":"BreadcrumbList","@id":"https:\/\/naturalcbd.cl\/index.php\/product\/e-liquid-sabor-ultimate-oni-100mg-300mg-600mg\/#breadcrumb","itemListElement":[{"@type":"ListItem","position":1,"name":"Portada","item":"https:\/\/naturalcbd.cl\/"},{"@type":"ListItem","position":2,"name":"E-liquid Sabor ULTIMATE ONI (100MG-300MG-600MG)"}]},{"@type":"WebSite","@id":"https:\/\/naturalcbd.cl\/#website","url":"https:\/\/naturalcbd.cl\/","name":"CBD Chile Online | NATURAL HEMP","description":"Lo mejor de la naturaleza","publisher":{"@id":"https:\/\/naturalcbd.cl\/#organization"},"potentialAction":[{"@type":"SearchAction","target":{"@type":"EntryPoint","urlTemplate":"https:\/\/naturalcbd.cl\/?s={search_term_string}"},"query-input":{"@type":"PropertyValueSpecification","valueRequired":true,"valueName":"search_term_string"}}],"inLanguage":"es-CL"},{"@type":"Organization","@id":"https:\/\/naturalcbd.cl\/#organization","name":"CBD Chile Online | NATURAL HEMP","url":"https:\/\/naturalcbd.cl\/","logo":{"@type":"ImageObject","inLanguage":"es-CL","@id":"https:\/\/naturalcbd.cl\/#\/schema\/logo\/image\/","url":"https:\/\/naturalcbd.cl\/wp-content\/uploads\/2022\/01\/cropped-horizontal-HEMP.png","contentUrl":"https:\/\/naturalcbd.cl\/wp-content\/uploads\/2022\/01\/cropped-horizontal-HEMP.png","width":140,"height":50,"caption":"CBD Chile Online | NATURAL HEMP"},"image":{"@id":"https:\/\/naturalcbd.cl\/#\/schema\/logo\/image\/"}}]}},"_links":{"self":[{"href":"https:\/\/naturalcbd.cl\/index.php\/wp-json\/wp\/v2\/product\/352","targetHints":{"allow":["GET"]}}],"collection":[{"href":"https:\/\/naturalcbd.cl\/index.php\/wp-json\/wp\/v2\/product"}],"about":[{"href":"https:\/\/naturalcbd.cl\/index.php\/wp-json\/wp\/v2\/types\/product"}],"wp:featuredmedia":[{"embeddable":true,"href":"https:\/\/naturalcbd.cl\/index.php\/wp-json\/wp\/v2\/media\/1346"}],"wp:attachment":[{"href":"https:\/\/naturalcbd.cl\/index.php\/wp-json\/wp\/v2\/media?parent=352"}],"wp:term":[{"taxonomy":"product_brand","embeddable":true,"href":"https:\/\/naturalcbd.cl\/index.php\/wp-json\/wp\/v2\/product_brand?post=352"},{"taxonomy":"product_cat","embeddable":true,"href":"https:\/\/naturalcbd.cl\/index.php\/wp-json\/wp\/v2\/product_cat?post=352"},{"taxonomy":"product_tag","embeddable":true,"href":"https:\/\/naturalcbd.cl\/index.php\/wp-json\/wp\/v2\/product_tag?post=352"}],"curies":[{"name":"wp","href":"https:\/\/api.w.org\/{rel}","templated":true}]}}